he remainder when y(-8) is divided by f?
12
Suppose -6*n + 0*n - 12*n = -756. Calculate the remainder when 32169 is divided by n.
39
Let w(y) = y**3 + 13*y**2 - 32*y - 46. What is the remainder when w(-14) is divided by 32?
14
Suppose 6*d = 8*d - 6. Suppose p + 1 = 3*q - d, -5*q = -5*p. Suppose 3 = -2*m - 3*l, q*m - 12 = 2*l - 0. What is the remainder when 10 is divided by m?
1
Suppose 3550 + 1095 = 5*c. Calculate the remainder when c is divided by 47.
36
Suppose -6936 = -3*f + 3*m, -10*f = -9*f + 5*m - 2348. What is the remainder when f is divided by 58?
56
Let t = 280 - 197. Suppose 4*a - 5810 = y - 5836, 4*y - 87 = -a. Calculate the remainder when t is divided by y.
17
Let m(y) = -y + 1. Let u(v) = 3*v - 5. Let q(f) = 2*m(f) + u(f). What is the remainder when (-17 - -3) + ((-21090)/37)/(-19) is divided by q(6)?
1
Suppose 3*x - 4 - 134 = 0. Let u = 69 - x. What is the remainder when (-2)/(-27) + (-183892)/(-3348) - -9 is divided by u?
18
What is the remainder when (-10)/3*69/(-2) is divided by (10*4/10)/(-4 + 75/18)?
19
Let x = 8 + -3. Let a be 16 + (-12)/24*28. Suppose -a*k = 2*p - 80 - 4, x*p - 136 = -3*k. Calculate the remainder when 70 is divided by k.
33
Suppose -5*a = 2*l - 68, -4*a + 54*l = 59*l - 68. Calculate the remainder when 4/(-6) - 843/(-9) is divided by a.
9
Let q = 13 - 8. Let z be (-3)/12 + 1*(-68)/(-16). Suppose 2*y + 36 = -4*c + 7*c, 4*c = -z*y + 48. What is the remainder when c is divided by q?
2
Let q(n) = -30*n + 69. Let x(d) = d - 1. Let b(i) = q(i) + 18*x(i). Calculate the remainder when 146 is divided by b(3).
11
Suppose 30 = -3*w + 84. Suppose 3*z + 100 = 2*o, -139*o = -141*o + z + 96. What is the remainder when o is divided by w?
11
Let q(m) = 353*m - 9. Let g be q(-1). Let w = 372 + g. What is the remainder when 77 is divided by w?
7
Let u(v) = -12*v - 379. What is the remainder when u(-66) is divided by 55?
28
Let f = 4 + 1. Let a be 3/12*0 + 2. Suppose -s + 16 = d, a*d + 0*s = s + 38. What is the remainder when d is divided by f?
3
Let p = -3996 - -4038. Suppose 0 = -3*i - 0*i + 495. What is the remainder when i is divided by p?
39
Suppose 0 = -3*h - 5*z + 38, -30*z + 32*z + 52 = 2*h. Let c(r) = -10*r**3 + r + 1. Let y be c(2). Calculate the remainder when 21 is divided by (-6)/h - 946/y.
9
Let x be 3*(-1002)/18*(1 + 0). Let m = x + 187. Calculate the remainder when 178 is divided by m.
18
Let v = -38 + 13. Calculate the remainder when 135 is divided by (-910)/v + (-4)/10.
27
Let w(y) = 156*y - 234. Calculate the remainder when w(8) is divided by 145.
144
Suppose -2*u = 5*t - 77 - 18, -3*t + 57 = 3*u. Let y be 12/16 + 15/(-4). Calculate the remainder when t is divided by (-3)/y - (13 + -12) - -4.
3
Let v(p) = 12*p - 26. Let g be v(5). Let s = g - 31. Suppose -4*y - 220 = -5*l, 0 = -0*y + s*y - 15. What is the remainder when 93 is divided by l?
45
Let d(z) = 4*z**2 + 6*z - 13. Let r be d(-3). Suppose r*p = 26*p - 5796. Calculate the remainder when p is divided by 35.
31
Let d(l) = -78*l + 350. Calculate the remainder when 55 is divided by d(4).
17
Let j = 7 - 5. Let w = j - -5. Suppose 0 = w*d - 505 + 155. What is the remainder when d is divided by 18?
14
Let g be -1 + -1 - (3 + -5). Suppose 2*c = -g*c + 20. Calculate the remainder when (23/(-2))/(27/(-162)) is divided by c.
9
Suppose -2*f = -4*t + 548, -11*t + 13*t - 274 = 6*f. What is the remainder when 173 is divided by t?
36
Suppose -61278*q + 1566 = -61276*q. Calculate the remainder when q is divided by 40.
23
Let t = 1255 + -1172. Suppose -3*y + 4*d = -2*y - 5, 15 = 3*y + 2*d. Let o = t - y. What is the remainder when o is divided by 40?
38
Let a(k) = -k**2 + 22*k - 2. Suppose -3*s + 1 + 29 = 0. What is the remainder when a(s) is divided by (-22)/(-6*10/30)?
8
Let i = 28 + 33. Suppose -13*h - 947 = -232. Let z = h + i. Calculate the remainder when 10 is divided by z.
4
Suppose 0*p - p + 16 = 3*y, -20 = -p - y. Suppose r + h = 209 + 157, -20 = 5*h. Calculate the remainder when 67 is divided by 6/33 + r/p.
16
What is the remainder when 795 - ((-2)/6)/(-4 + (-255)/(-63)) is divided by 51?
37
Let u(r) = -r - 238. Let l be u(13). Let t = -235 - l. Calculate the remainder when 271 is divided by t.
15
What is the remainder when 1375 is divided by ((-8)/(-12) + (-5)/(-6))/((-6)/(-1828))?
4
Suppose 10 + 5 = 5*j + 2*t, 3*j = t - 2. What is the remainder when ((-4)/(-10))/((-327)/330 + j) is divided by 23?
21
What is the remainder when (-1978)/(-6) - (-17)/(-408)*40 is divided by 30?
28
Suppose 0 = g + 3*x - 370, -3*g - 159 + 1259 = -x. What is the remainder when g is divided by 20?
7
Let r = -2524 - -2542. What is the remainder when r is divided by 18?
0
Let q be (-7 + 6)*(3 - 8). Suppose 2*d + 156 = 4*d + 5*g, -5*d + 460 = -q*g. What is the remainder when d is divided by 30?
28
Suppose -261372 = -23*u - 23*u. What is the remainder when u is divided by 98?
96
Let q = 250 + -242. Suppose -82 = -q*p - 18. Calculate the remainder when 44 is divided by p.
4
Let q = 219 + -371. Let k = -88 - q. What is the remainder when 177 is divided by k?
49
Suppose -3*z + 879 = 3*o, 589*z - 587*z = 3*o - 879. Let m = -86 - -184. What is the remainder when o is divided by m?
97
Calculate the remainder when ((-10)/(-6) + (21 - 23))*-3291 is divided by 18.
17
Let k(i) = -458*i - 419. Calculate the remainder when 714 is divided by k(-1).
12
Let a be (-3 - 3)*450/(-20). Suppose 0 = d - 4*c - 27, 3*d + 3*c = 8*d - a. Calculate the remainder when 148 is divided by d.
13
Let s = -4628 - -4710. What is the remainder when 522 is divided by s?
30
Let x(b) = -949*b - 390. Calculate the remainder when x(-1) is divided by 16.
15
Let n(f) = 10*f**2 - 8*f - 13. Let c = 71 - 57. What is the remainder when n(-4) is divided by c?
11
Let t = -4093 - -5221. Calculate the remainder when t is divided by 1100.
28
Let q(j) = j**2 + 28*j - 128. Let i be q(-32). Suppose -4*w - 4*m + 663 = w, -2*w + 4*m + 254 = i. What is the remainder when w is divided by 34?
29
Suppose q - 2*p - 104 = p, -3*p - 282 = -3*q. Let x = 47 - q. What is the remainder when (-3)/(-21) + (-4320)/x is divided by 35?
33
Calculate the remainder when 2348/5 + 7 + -9 - (-207)/(-345) is divided by 203.
61
Suppose -86094 = -127*u + 23492 + 4968. What is the remainder when u is divided by 268?
98
Suppose 0 = h - 10 - 25. Let t = 295 + -301. Calculate the remainder when h is divided by t*(-5)/4*(-18)/(-15).
8
Let w(d) = 21*d - 16. Let c be 41 + 6 - (0 + -2). Let a = -12 + c. What is the remainder when a is divided by w(1)?
2
Let m = -13 + 34. Calculate the remainder when (m/(-9))/(1/(-30)) is divided by (275/(257400/2106))/((-9)/(-8) + -1).
16
Let f(w) = 3*w - 17. Let m = 155 + -259. Let t = m + 119. Calculate the remainder when t is divided by f(8).
1
Let y(d) = -4*d + 2. What is the remainder when (-574)/(-10) + -12 - 6/(-10) is divided by y(-2)?
6
Let f(y) be the second derivative of -y**5/20 - 2*y**4/3 + y**3 - 7*y**2/2 - y. Suppose -26 = 3*q + 1. What is the remainder when f(q) is divided by 11?
9
Suppose -2*p + 168 = -318. Let k = -85 + p. What is the remainder when k is divided by 23?
20
Let i = 1438 - 1369. Calculate the remainder when 256 is divided by i.
49
Suppose 28 = -2*k - 5*k. Let p = 8 + k. What is the remainder when (2 + 1)*3 - (1 + 1) is divided by p?
3
Let g = -131 - -132. Let t(l) = 24*l**3 + 2*l. Calculate the remainder when t(g) is divided by 9.
8
Let q(y) = 8 + 123*y**3 - 7*y - 124*y**3 - 7*y**2 - 1. Let t = -36 - -30. What is the remainder when q(t) is divided by 4?
1
Suppose -2*x + 2*d + 38 = -3*d, 0 = -4*d - 8. What is the remainder when (-18380)/(-2200)*10 - (-6)/(-11) is divided by x?
13
Suppose 3*a - 23 = -5*p, 3*p + 7*a - 6*a - 13 = 0. Suppose -2*i = 20 - 110. Suppose -55 = -i*h + 40*h. What is the remainder when h is divided by p?
3
Let p(m) = m**3 - 57*m**2 + 105*m - 5935. Suppose 0 = 2*r + 5*g - 13, 0*r + r - 8 = -g. Calculate the remainder when p(57) is divided by r.
5
What is the remainder when 2596 is divided by 324/(-81) + 3/1 + 109?
4
Let b be 4/2*(1 - 2). Let k(t) = t**3 + 6*t**2 - 8*t - 6. What is the remainder when k(-6) is divided by (4 - 3)*(-44)/(b + -2)?
9
Let t = 2516 - 2363. Calculate the remainder when t is divided by 35.
13
Suppose -3*u = 15 - 48. What is the remainder when 449 is divided by 